{"id":3334,"date":"2023-10-28T00:23:08","date_gmt":"2023-10-27T22:23:08","guid":{"rendered":"http:\/\/kgv-erholung-leipzig.de\/?page_id=3334"},"modified":"2025-06-08T07:30:09","modified_gmt":"2025-06-08T05:30:09","slug":"gefahr-durch-japanischen-staudenknoeterich","status":"publish","type":"page","link":"http:\/\/kgv-erholung-leipzig.de\/?page_id=3334","title":{"rendered":"Gefahr durch Japanischen Staudenkn\u00f6terich"},"content":{"rendered":"\n<figure class=\"wp-block-image size-full\"><img loading=\"lazy\" decoding=\"async\" width=\"720\" height=\"395\" src=\"http:\/\/kgv-erholung-leipzig.de\/wp-content\/uploads\/2023\/10\/jap.Staudenknoeterich_720.jpg\" alt=\"\" class=\"wp-image-3335\" srcset=\"http:\/\/kgv-erholung-leipzig.de\/wp-content\/uploads\/2023\/10\/jap.Staudenknoeterich_720.jpg 720w, http:\/\/kgv-erholung-leipzig.de\/wp-content\/uploads\/2023\/10\/jap.Staudenknoeterich_720-300x165.jpg 300w, http:\/\/kgv-erholung-leipzig.de\/wp-content\/uploads\/2023\/10\/jap.Staudenknoeterich_720-600x330.jpg 600w\" sizes=\"auto, (max-width: 720px) 100vw, 720px\" \/><\/figure>\n\n\n\n<p>An sehr vielen Orten in unserer Umgebung findet man inzwischen den Japanischen Staudenkn\u00f6terich. Er wurde in der ersten H\u00e4lfte des 19. Jahrhunderts als Zier- und Nutzpflanze nach Europa gebracht! Zu sp\u00e4t wurde klar, dass der unb\u00e4ndige und nicht zu beherrschende Ausbreitungsdrang dieser Pflanze eine Gefahr f\u00fcr W\u00e4lder, Grundst\u00fccke, G\u00e4rten usw. darstellt. Er ist damit aus g\u00e4rtnerischer Sicht ein \u00e4u\u00dferst unangenehmer, invasiver Neophyt.<\/p>\n\n\n\n<p>Wo er einmal eingewurzelt ist, ist eine erfolgreiche <strong>Bek\u00e4mpfung au\u00dferordentlich schwierig<\/strong>. Jedes kleinste Pflanzen- oder Wurzelst\u00fcck (1,5 cm gen\u00fcgen) entwickelt sich in k\u00fcrzester Zeit zu einer neuen, bl\u00fchenden Pflanze. Er kann bis 30 cm pro Tag (!) wachsen. Die undurchdringbaren Best\u00e4nde ersticken alle anderen Pflanzen.<\/p>\n\n\n\n<p>Die Wurzeln machen vor nichts Halt. Sie zerst\u00f6ren Mauerwerk, Fundamente, Asphaltdecken, Wasserrohre \u2026 Sie k\u00f6nnen bis drei Meter tief in die Erde reichen, aber nur ein vollst\u00e4ndiges Entfernen der Pflanzen mit allen Wurzelresten verspricht Bek\u00e4mpfungserfolg.<\/p>\n\n\n\n<p>Deshalb: Bitte auf die zun\u00e4chst unscheinbaren Pflanzen achten, falls sie im Garten auftauchen und <strong>sofort aus dem Garten entfernen<\/strong>, unbedingt auch <strong>alle Wurzeln<\/strong>. Gegen gr\u00f6\u00dfere und ab zweij\u00e4hrige Best\u00e4nde muss \u00fcber mehrere Jahre konsequent vorgegangen werden.<\/p>\n\n\n\n<figure class=\"wp-block-image size-full\"><img loading=\"lazy\" decoding=\"async\" width=\"720\" height=\"391\" src=\"http:\/\/kgv-erholung-leipzig.de\/wp-content\/uploads\/2023\/10\/jap.Staudenknoeterich2_720.jpg\" alt=\"\" class=\"wp-image-3336\" srcset=\"http:\/\/kgv-erholung-leipzig.de\/wp-content\/uploads\/2023\/10\/jap.Staudenknoeterich2_720.jpg 720w, http:\/\/kgv-erholung-leipzig.de\/wp-content\/uploads\/2023\/10\/jap.Staudenknoeterich2_720-300x163.jpg 300w\" sizes=\"auto, (max-width: 720px) 100vw, 720px\" \/><\/figure>\n\n\n\n<p>Diese Schritte helfen:<\/p>\n\n\n\n<ul class=\"wp-block-list\">\n<li>Kontinuierliches Schw\u00e4chen durch Abm\u00e4hen, Abrei\u00dfen, Abstechen und immer wieder Ausgraben.<\/li>\n\n\n\n<li>Gro\u00dffl\u00e4chiges Abdecken der befallenen (und zuvor \u201egereinigten\u201c) Fl\u00e4che mit lichtdichtem Vlies \u00fcber mehrere Jahre. Dabei sind an den R\u00e4ndern auftretende Triebe sofort und fortlaufend auszugraben. Ein Bedecken der Folie oder des Vlieses mit Rindenmulch l\u00e4sst die Ma\u00dfnahme weniger unsch\u00f6n erscheinen.<\/li>\n\n\n\n<li>Entfernte Pflanzenteile sofort und vollst\u00e4ndig aus dem Garten entfernen! <strong>Keinesfalls auf den Kompost oder in den Gr\u00fcnschnittcontainer<\/strong> geben, die Pflanzen geh\u00f6ren in den Restm\u00fcll und in die M\u00fcllverbrennung.<\/li>\n<\/ul>\n\n\n\n<p>Die Zeitschrift <a rel=\"noreferrer noopener\" href=\"https:\/\/www.stadtverband-leipzig.de\/wp-content\/uploads\/2023\/07\/LGF_2023_08_web.pdf\" target=\"_blank\"><strong>Leipziger Gartenfreund vom August 2023<\/strong><\/a> besch\u00e4ftigt sich auf Seite 15 ausf\u00fchrlich mit dem Japanischen Kn\u00f6terich.<\/p>\n\n\n\n<div style=\"height:25px\" aria-hidden=\"true\" class=\"wp-block-spacer\"><\/div>\n\n\n\n<p><strong>Weitere Links<\/strong><\/p>\n\n\n\n<p>Beschreibung des Japanischen Staudenkn\u00f6terich auf <a rel=\"noreferrer noopener\" href=\"https:\/\/neobiota.naturschutzinformationen.nrw.de\/neobiota\/de\/arten\/pflanzen\/3500\/kurzbeschreibung\" target=\"_blank\">naturschutzinformationen.nrw.de<\/a><\/p>\n\n\n\n<p><em>Japanischer Staudenkn\u00f6terich: Mit Starkstrom gegen invasive Arten <\/em>auf <a href=\"https:\/\/web.archive.org\/web\/20240624122129\/https:\/\/www.ndr.de\/nachrichten\/schleswig-holstein\/Japanischer-Staudenknoeterich-Mit-Starkstrom-gegen-invasive-Arten,invasivearten104.html\" target=\"_blank\" rel=\"noreferrer noopener\">ndr.de<\/a><\/p>\n\n\n\n<p><\/p>\n\n\n\n<p><\/p>\n","protected":false},"excerpt":{"rendered":"<p>An sehr vielen Orten in unserer Umgebung findet man inzwischen den Japanischen Staudenkn\u00f6terich. Er wurde in der ersten H\u00e4lfte des 19. Jahrhunderts als Zier- und Nutzpflanze nach Europa gebracht! Zu sp\u00e4t wurde klar, dass der unb\u00e4ndige und nicht zu beherrschende<\/p>\n","protected":false},"author":1,"featured_media":0,"parent":1071,"menu_order":0,"comment_status":"closed","ping_status":"closed","template":"","meta":{"ngg_post_thumbnail":0,"footnotes":""},"class_list":["post-3334","page","type-page","status-publish","hentry"],"_links":{"self":[{"href":"http:\/\/kgv-erholung-leipzig.de\/index.php?rest_route=\/wp\/v2\/pages\/3334","targetHints":{"allow":["GET"]}}],"collection":[{"href":"http:\/\/kgv-erholung-leipzig.de\/index.php?rest_route=\/wp\/v2\/pages"}],"about":[{"href":"http:\/\/kgv-erholung-leipzig.de\/index.php?rest_route=\/wp\/v2\/types\/page"}],"author":[{"embeddable":true,"href":"http:\/\/kgv-erholung-leipzig.de\/index.php?rest_route=\/wp\/v2\/users\/1"}],"replies":[{"embeddable":true,"href":"http:\/\/kgv-erholung-leipzig.de\/index.php?rest_route=%2Fwp%2Fv2%2Fcomments&post=3334"}],"version-history":[{"count":4,"href":"http:\/\/kgv-erholung-leipzig.de\/index.php?rest_route=\/wp\/v2\/pages\/3334\/revisions"}],"predecessor-version":[{"id":3852,"href":"http:\/\/kgv-erholung-leipzig.de\/index.php?rest_route=\/wp\/v2\/pages\/3334\/revisions\/3852"}],"up":[{"embeddable":true,"href":"http:\/\/kgv-erholung-leipzig.de\/index.php?rest_route=\/wp\/v2\/pages\/1071"}],"wp:attachment":[{"href":"http:\/\/kgv-erholung-leipzig.de\/index.php?rest_route=%2Fwp%2Fv2%2Fmedia&parent=3334"}],"curies":[{"name":"wp","href":"https:\/\/api.w.org\/{rel}","templated":true}]}}