{"id":2187,"date":"2020-07-10T15:29:21","date_gmt":"2020-07-10T13:29:21","guid":{"rendered":"http:\/\/kgv-erholung-leipzig.de\/?page_id=2187"},"modified":"2022-11-19T16:33:36","modified_gmt":"2022-11-19T15:33:36","slug":"kirschkrise-was-tun","status":"publish","type":"page","link":"http:\/\/kgv-erholung-leipzig.de\/?page_id=2187","title":{"rendered":"Kirschkrise &#8211; Was tun?"},"content":{"rendered":"\n<p class=\"has-text-align-center\"><em>Stand: 10.07.2020<\/em><\/p>\n\n\n\n<p><\/p>\n\n\n\n<figure class=\"wp-block-image size-large is-resized\"><img loading=\"lazy\" decoding=\"async\" src=\"http:\/\/kgv-erholung-leipzig.de\/wp-content\/uploads\/2020\/07\/Sauerkirschen_madig-1024x768.jpg\" alt=\"\" class=\"wp-image-2188\" width=\"512\" height=\"384\" srcset=\"http:\/\/kgv-erholung-leipzig.de\/wp-content\/uploads\/2020\/07\/Sauerkirschen_madig-1024x768.jpg 1024w, http:\/\/kgv-erholung-leipzig.de\/wp-content\/uploads\/2020\/07\/Sauerkirschen_madig-300x225.jpg 300w, http:\/\/kgv-erholung-leipzig.de\/wp-content\/uploads\/2020\/07\/Sauerkirschen_madig-768x576.jpg 768w, http:\/\/kgv-erholung-leipzig.de\/wp-content\/uploads\/2020\/07\/Sauerkirschen_madig-1536x1152.jpg 1536w, http:\/\/kgv-erholung-leipzig.de\/wp-content\/uploads\/2020\/07\/Sauerkirschen_madig.jpg 2048w\" sizes=\"auto, (max-width: 512px) 100vw, 512px\" \/><\/figure>\n\n\n\n<p>(Sauer-)Kirschen sind in vielen unserer G\u00e4rten in diesem Jahr fast nicht zu genie\u00dfen.  <\/p>\n\n\n\n<h2 class=\"wp-block-heading\">Was\nsind die Gr\u00fcnde?<\/h2>\n\n\n\n<ul class=\"wp-block-list\"><li> Massiver Befall mit Kirschfruchtfliegen (&#8222;Maden&#8220;)<\/li><li> Fruchtmonilia (Fruchtf\u00e4ule) als Folge (Fruchtf\u00e4ule, verursachender Pilz: haupts\u00e4chlich Monilia fructigena, auch Monilia laxa kann Fruchtf\u00e4ule verursachen)<br><em>\u00dcbigens wird die <a href=\"http:\/\/kgv-erholung-leipzig.de\/?page_id=2579\" data-type=\"page\" data-id=\"2579\"><strong>Monilia-Spitzend\u00fcrre<\/strong><\/a>, die besonders an Sauerkirschb\u00e4umen dieses Jahr auch wieder stark aufgetreten ist, von einem eng verwandten, aber anderen Pilz (Monilia laxa) verursacht.<\/em><\/li><\/ul>\n\n\n\n<h2 class=\"wp-block-heading\">Was ist zu tun?<\/h2>\n\n\n\n<ul class=\"wp-block-list\"><li> Alle kranken Kirschfr\u00fcchte schnellstens aus dem Garten entfernen! Sie sind die Basis f\u00fcr den Befall im n\u00e4chsten Jahr. Sowohl die Kirschfruchtfliegen \u00fcberwintern besonders in den auf den Boden gefallenen Fr\u00fcchten als auch beide Moniliapilze.<br>Tipp: Bei Pflegearbeiten (Baumschnitt zur Pflege der Kirsche jetzt!) Planen oder \u00e4hnliches unter den Baum legen, damit die herabgefallenen Fr\u00fcchte leichter entsorgt werden k\u00f6nnen. (im Restm\u00fcll!)<\/li><li> Im kommenden Jahr bei Gelbf\u00e4rbung der Fr\u00fcchte pro L\u00e4ngenmeter Stamm ca. drei Gelbtafeln (mit Klebstoff versehene Fallen) zum Abfangen der neuen Fliegen in den Baum h\u00e4ngen.<\/li><\/ul>\n\n\n\n<p><strong>Bei Neupflanzung von Kirschb\u00e4umen auf m\u00f6glichst fr\u00fchreifende Sorten achten. Sie werden nicht so stark befallen<\/strong>.<\/p>\n\n\n\n<p><em>Informationen zur Monilia-Spitzend\u00fcrre gibt es <a href=\"http:\/\/kgv-erholung-leipzig.de\/?page_id=2579\" data-type=\"page\" data-id=\"2579\"><strong>hier<\/strong><\/a>.<\/em><\/p>\n","protected":false},"excerpt":{"rendered":"<p>Stand: 10.07.2020 (Sauer-)Kirschen sind in vielen unserer G\u00e4rten in diesem Jahr fast nicht zu genie\u00dfen. Was sind die Gr\u00fcnde? Massiver Befall mit Kirschfruchtfliegen (&#8222;Maden&#8220;) Fruchtmonilia (Fruchtf\u00e4ule) als Folge (Fruchtf\u00e4ule, verursachender Pilz: haupts\u00e4chlich Monilia fructigena, auch Monilia laxa kann Fruchtf\u00e4ule verursachen)\u00dcbigens<\/p>\n","protected":false},"author":1,"featured_media":2188,"parent":1071,"menu_order":0,"comment_status":"closed","ping_status":"closed","template":"","meta":{"ngg_post_thumbnail":0,"footnotes":""},"class_list":["post-2187","page","type-page","status-publish","has-post-thumbnail","hentry"],"_links":{"self":[{"href":"http:\/\/kgv-erholung-leipzig.de\/index.php?rest_route=\/wp\/v2\/pages\/2187","targetHints":{"allow":["GET"]}}],"collection":[{"href":"http:\/\/kgv-erholung-leipzig.de\/index.php?rest_route=\/wp\/v2\/pages"}],"about":[{"href":"http:\/\/kgv-erholung-leipzig.de\/index.php?rest_route=\/wp\/v2\/types\/page"}],"author":[{"embeddable":true,"href":"http:\/\/kgv-erholung-leipzig.de\/index.php?rest_route=\/wp\/v2\/users\/1"}],"replies":[{"embeddable":true,"href":"http:\/\/kgv-erholung-leipzig.de\/index.php?rest_route=%2Fwp%2Fv2%2Fcomments&post=2187"}],"version-history":[{"count":9,"href":"http:\/\/kgv-erholung-leipzig.de\/index.php?rest_route=\/wp\/v2\/pages\/2187\/revisions"}],"predecessor-version":[{"id":2913,"href":"http:\/\/kgv-erholung-leipzig.de\/index.php?rest_route=\/wp\/v2\/pages\/2187\/revisions\/2913"}],"up":[{"embeddable":true,"href":"http:\/\/kgv-erholung-leipzig.de\/index.php?rest_route=\/wp\/v2\/pages\/1071"}],"wp:featuredmedia":[{"embeddable":true,"href":"http:\/\/kgv-erholung-leipzig.de\/index.php?rest_route=\/wp\/v2\/media\/2188"}],"wp:attachment":[{"href":"http:\/\/kgv-erholung-leipzig.de\/index.php?rest_route=%2Fwp%2Fv2%2Fmedia&parent=2187"}],"curies":[{"name":"wp","href":"https:\/\/api.w.org\/{rel}","templated":true}]}}