{"id":1791,"date":"2020-01-24T16:40:53","date_gmt":"2020-01-24T15:40:53","guid":{"rendered":"http:\/\/kgv-erholung-leipzig.de\/?page_id=1791"},"modified":"2026-04-09T00:40:24","modified_gmt":"2026-04-08T22:40:24","slug":"startseite","status":"publish","type":"page","link":"http:\/\/kgv-erholung-leipzig.de\/","title":{"rendered":"Herzlich willkommen!"},"content":{"rendered":"\n<p>Im S\u00fcden Leipzigs g\u00e4rtnern die Mitglieder des <em>KGV Erholung<\/em> <em>e.V.<\/em> Unser Kleingartenverein wurde <a href=\"http:\/\/kgv-erholung-leipzig.de\/?page_id=6\">im Jahr 1900 gegr\u00fcndet<\/a> und umfasst heute <a href=\"http:\/\/kgv-erholung-leipzig.de\/?page_id=8\">mehr als 260 Parzellen<\/a>. Im Jahr 2019 zeichnete uns die Stadt Leipzig als <a href=\"http:\/\/kgv-erholung-leipzig.de\/?page_id=1725\">Kleingartenanlage des Jahres<\/a> aus. Ein Grund f\u00fcr die Ehrung ist der gute Zugang unseres Vereinsgel\u00e4ndes f\u00fcr die \u00d6ffentlichkeit.<\/p>\n\n\n\n<figure class=\"wp-block-image size-full\"><img loading=\"lazy\" decoding=\"async\" width=\"720\" height=\"281\" src=\"http:\/\/kgv-erholung-leipzig.de\/wp-content\/uploads\/2025\/03\/Tauschboerse_16_Tisch720.jpg\" alt=\"Tisch mit beschrifteten Pflanzen\" class=\"wp-image-3793\" srcset=\"http:\/\/kgv-erholung-leipzig.de\/wp-content\/uploads\/2025\/03\/Tauschboerse_16_Tisch720.jpg 720w, http:\/\/kgv-erholung-leipzig.de\/wp-content\/uploads\/2025\/03\/Tauschboerse_16_Tisch720-300x117.jpg 300w\" sizes=\"auto, (max-width: 720px) 100vw, 720px\" \/><\/figure>\n\n\n\n<p>Am 16. Mai findet die diesj\u00e4hrige <strong>Pflanzen- und Saatgutb\u00f6rse<\/strong> der Fachberatung des KGV Erholung statt. Wie in den vergangenen Jahren handelt es sich um eine nichtkommerzielle Veranstaltung. Zwischen 10:00 und 15:00 Uhr k\u00f6nnen Saatgut und \u00fcbersch\u00fcssige Pflanzen die Besitzerin wechseln. Pflanzenannahme ist von 9:00 bis 11:00 Uhr. Dabei bitte Pflanzenart bzw. Sorte angeben. Eventuell \u00dcbriggebliebenes ab 15:00 Uhr bitte selbst wegr\u00e4umen.<\/p>\n\n\n\n<p>Was das Vereinsleben 2026 dar\u00fcber hinaus zu bieten hat, ist unter <a href=\"http:\/\/kgv-erholung-leipzig.de\/?page_id=160\" data-type=\"page\" data-id=\"160\"><strong>\u2192<\/strong><\/a>\u00a0<a href=\"http:\/\/kgv-erholung-leipzig.de\/?page_id=160\" data-type=\"page\" data-id=\"160\"><strong>Termine<\/strong><\/a> aufgelistet. Mitglieder, die sich f\u00fcr einen Arbeitseinsatz anmelden m\u00f6chten, finden im <a href=\"http:\/\/kgv-erholung-leipzig.de\/?page_id=289\" data-type=\"page\" data-id=\"289\"><strong>\u2192<\/strong><\/a>\u00a0<a href=\"http:\/\/kgv-erholung-leipzig.de\/?page_id=289\" data-type=\"page\" data-id=\"289\"><strong>internen Bereich<\/strong><\/a> das entsprechende Formular.<\/p>\n\n\n\n<p><\/p>\n\n\n\n<div style=\"height:15px\" aria-hidden=\"true\" class=\"wp-block-spacer\"><\/div>\n\n\n\n<figure class=\"wp-block-image size-full\"><a href=\"http:\/\/kgv-erholung-leipzig.de\/?page_id=3853\"><img loading=\"lazy\" decoding=\"async\" width=\"720\" height=\"280\" src=\"http:\/\/kgv-erholung-leipzig.de\/wp-content\/uploads\/2025\/06\/Raupe_720.jpg\" alt=\"\" class=\"wp-image-3857\" srcset=\"http:\/\/kgv-erholung-leipzig.de\/wp-content\/uploads\/2025\/06\/Raupe_720.jpg 720w, http:\/\/kgv-erholung-leipzig.de\/wp-content\/uploads\/2025\/06\/Raupe_720-300x117.jpg 300w\" sizes=\"auto, (max-width: 720px) 100vw, 720px\" \/><\/a><\/figure>\n\n\n\n<p>Die <strong>Apfelbaum-Gespinstmotte<\/strong> bef\u00e4llt B\u00e4ume in unserem Verein. Was man gegen den Sch\u00e4dling tun kann, erkl\u00e4rt die <strong><a href=\"http:\/\/kgv-erholung-leipzig.de\/?page_id=1071\" data-type=\"page\" data-id=\"1071\">\u2192<\/a>&nbsp;<a href=\"http:\/\/kgv-erholung-leipzig.de\/?page_id=1071\" data-type=\"page\" data-id=\"1071\">Fachberatung<\/a><\/strong>.<\/p>\n\n\n\n<div style=\"height:15px\" aria-hidden=\"true\" class=\"wp-block-spacer\"><\/div>\n\n\n\n<figure class=\"wp-block-image size-full\"><img loading=\"lazy\" decoding=\"async\" width=\"720\" height=\"240\" src=\"http:\/\/kgv-erholung-leipzig.de\/wp-content\/uploads\/2025\/03\/Totale_KV_720.jpg\" alt=\"\" class=\"wp-image-3794\" srcset=\"http:\/\/kgv-erholung-leipzig.de\/wp-content\/uploads\/2025\/03\/Totale_KV_720.jpg 720w, http:\/\/kgv-erholung-leipzig.de\/wp-content\/uploads\/2025\/03\/Totale_KV_720-300x100.jpg 300w\" sizes=\"auto, (max-width: 720px) 100vw, 720px\" \/><\/figure>\n\n\n\n<p>Unsere <strong>Jahreshauptversammlung 2025<\/strong> fand am 29. M\u00e4rz 2025 in der Kantine der Stadtwerke Leipzig statt. Der Vorstand stellte den Gesch\u00e4ftsbericht f\u00fcr das vergangene Jahr vor. Abgestimmt wurde unter anderem \u00fcber die Instandhaltung der Gastst\u00e4tte, die Schilder &#8222;Fahrradverbot&#8220; und \u00fcber den Finanzplan 2026. Eine Zusammenfassung sowie das Protokoll und die Berichte sind im <a href=\"http:\/\/kgv-erholung-leipzig.de\/?page_id=289\" data-type=\"page\" data-id=\"289\"><a href=\"http:\/\/kgv-erholung-leipzig.de\/?page_id=289\" data-type=\"page\" data-id=\"289\"><strong>\u2192<\/strong><\/a>\u00a0<a href=\"http:\/\/kgv-erholung-leipzig.de\/?page_id=289\" data-type=\"page\" data-id=\"289\"><strong>internen Bereich<\/strong><\/a><\/a> zu finden.<\/p>\n\n\n\n<div style=\"height:15px\" aria-hidden=\"true\" class=\"wp-block-spacer\"><\/div>\n\n\n\n<figure class=\"wp-block-image size-full\"><img loading=\"lazy\" decoding=\"async\" width=\"720\" height=\"351\" src=\"http:\/\/kgv-erholung-leipzig.de\/wp-content\/uploads\/2024\/11\/tag-des-gartens_2024_fanfarenzug720.jpg\" alt=\"\" class=\"wp-image-3725\" srcset=\"http:\/\/kgv-erholung-leipzig.de\/wp-content\/uploads\/2024\/11\/tag-des-gartens_2024_fanfarenzug720.jpg 720w, http:\/\/kgv-erholung-leipzig.de\/wp-content\/uploads\/2024\/11\/tag-des-gartens_2024_fanfarenzug720-300x146.jpg 300w\" sizes=\"auto, (max-width: 720px) 100vw, 720px\" \/><\/figure>\n\n\n\n<p>Am 15. Juni 2024 waren wir Gastgeber des <strong>33. Tag des Gartens<\/strong>. Neben Prominenz aus der Stadtpolitik und des Leipziger Kleingartenwesens kamen rund 120 Interessierte. Der <em>Tag des Gartens<\/em> begann mit dem Einmarsch der Vereinsfahnen musikalisch untermalt vom Stadtfanfarenzug Markkleeberg.<\/p>\n\n\n\n<div style=\"height:15px\" aria-hidden=\"true\" class=\"wp-block-spacer\"><\/div>\n\n\n\n<figure class=\"wp-block-image size-full\"><img loading=\"lazy\" decoding=\"async\" width=\"720\" height=\"323\" src=\"http:\/\/kgv-erholung-leipzig.de\/wp-content\/uploads\/2024\/05\/Geschaeftsbericht_720.jpg\" alt=\"\" class=\"wp-image-3631\" srcset=\"http:\/\/kgv-erholung-leipzig.de\/wp-content\/uploads\/2024\/05\/Geschaeftsbericht_720.jpg 720w, http:\/\/kgv-erholung-leipzig.de\/wp-content\/uploads\/2024\/05\/Geschaeftsbericht_720-300x135.jpg 300w\" sizes=\"auto, (max-width: 720px) 100vw, 720px\" \/><\/figure>\n\n\n\n<p>Im Juni 2024 best\u00e4tigten die Mitglieder des <em>KGV Erholung e.V. <\/em>alle Vorstandsmitglieder im Amt. Ein Antrag zum Bau weiterer Zwischentore scheiterte. Weitere Themen der <strong>Jahreshauptversammlung<\/strong> <strong>2024<\/strong> waren der bauliche Zustand der Gastst\u00e4tte, Sauberkeit, Hanfanbau, Photovoltaikanlagen und Neophyte. Eine kurze Zusammenfassung der Versammlung sowie Protokolle, Berichte und weitere Dokumente sind im<a href=\"http:\/\/kgv-erholung-leipzig.de\/?page_id=289\" data-type=\"page\" data-id=\"289\"> <a href=\"http:\/\/kgv-erholung-leipzig.de\/?page_id=289\" data-type=\"page\" data-id=\"289\"><strong>\u2192<\/strong><\/a>\u00a0<a href=\"http:\/\/kgv-erholung-leipzig.de\/?page_id=289\" data-type=\"page\" data-id=\"289\"><strong>internen Bereich<\/strong><\/a><\/a> zu finden.<\/p>\n\n\n\n<div style=\"height:10px\" aria-hidden=\"true\" class=\"wp-block-spacer\"><\/div>\n\n\n\n<figure class=\"wp-block-image size-large is-resized\"><a href=\"http:\/\/kgv-erholung-leipzig.de\/?page_id=3334\"><img loading=\"lazy\" decoding=\"async\" width=\"1024\" height=\"456\" src=\"http:\/\/kgv-erholung-leipzig.de\/wp-content\/uploads\/2023\/10\/jap.Staudenknoeterich3_720-1024x456.jpg\" alt=\"\" class=\"wp-image-3343\" style=\"width:720px\" srcset=\"http:\/\/kgv-erholung-leipzig.de\/wp-content\/uploads\/2023\/10\/jap.Staudenknoeterich3_720-1024x456.jpg 1024w, http:\/\/kgv-erholung-leipzig.de\/wp-content\/uploads\/2023\/10\/jap.Staudenknoeterich3_720-300x134.jpg 300w, http:\/\/kgv-erholung-leipzig.de\/wp-content\/uploads\/2023\/10\/jap.Staudenknoeterich3_720-768x342.jpg 768w, http:\/\/kgv-erholung-leipzig.de\/wp-content\/uploads\/2023\/10\/jap.Staudenknoeterich3_720.jpg 1279w\" sizes=\"auto, (max-width: 1024px) 100vw, 1024px\" \/><\/a><\/figure>\n\n\n\n<p>Der Japanische <strong>Staudenkn\u00f6terich<\/strong> ist eine invasive Art, die sich schnell ausbreitet. <a href=\"http:\/\/kgv-erholung-leipzig.de\/?page_id=3334\" data-type=\"page\" data-id=\"3334\">Die Fachberatung gibt Tipps<\/a>, wie der sogenannte Neophyt erfolgreich bek\u00e4mpft werden kann, bevor er gr\u00f6\u00dfere Sch\u00e4den anrichtet.<\/p>\n\n\n\n<div style=\"height:20px\" aria-hidden=\"true\" class=\"wp-block-spacer\"><\/div>\n\n\n\n<div style=\"height:10px\" aria-hidden=\"true\" class=\"wp-block-spacer\"><\/div>\n\n\n\n<figure class=\"wp-block-image size-full\"><a href=\"http:\/\/kgv-erholung-leipzig.de\/?page_id=3140\"><img loading=\"lazy\" decoding=\"async\" width=\"720\" height=\"353\" src=\"http:\/\/kgv-erholung-leipzig.de\/wp-content\/uploads\/2023\/06\/Hartriegel_720.jpg\" alt=\"\" class=\"wp-image-3138\" srcset=\"http:\/\/kgv-erholung-leipzig.de\/wp-content\/uploads\/2023\/06\/Hartriegel_720.jpg 720w, http:\/\/kgv-erholung-leipzig.de\/wp-content\/uploads\/2023\/06\/Hartriegel_720-300x147.jpg 300w\" sizes=\"auto, (max-width: 720px) 100vw, 720px\" \/><\/a><\/figure>\n\n\n\n<p>Auf die Problematik des sogenannten <strong>&#8222;Roten Hartriegel&#8220;<\/strong> macht zurzeit die Fachberatung des <em>KGV Erholung e.V. <\/em> aufmerksam. Die bis zu sechs Meter hohe Pflanze ist giftig und im Kleingarten nicht erlaubt. Mehr zum Appell der Fachberatung gibt es <a href=\"http:\/\/kgv-erholung-leipzig.de\/?page_id=3140\" data-type=\"page\" data-id=\"3140\">hier<\/a>.<\/p>\n\n\n\n<div style=\"height:20px\" aria-hidden=\"true\" class=\"wp-block-spacer\"><\/div>\n\n\n\n<figure class=\"wp-block-video\"><video height=\"720\" style=\"aspect-ratio: 1280 \/ 720;\" width=\"1280\" controls poster=\"http:\/\/kgv-erholung-leipzig.de\/wp-content\/uploads\/2023\/01\/Hummel_Hauptweg_720.png\" src=\"http:\/\/kgv-erholung-leipzig.de\/wp-content\/uploads\/2022\/11\/ERH_MONTA_SMALL.mp4\"><\/video><\/figure>\n\n\n\n<p>Auf unserem Gel\u00e4nde in Leipzig-Connewitz befinden sich ein Vereinshaus, eine Gastst\u00e4tte, ein kleines Veranstaltungsgeb\u00e4ude (&#8222;Spielhalle&#8220;), ein Kinderspielplatz mit Kletterger\u00fcst, Schaukeln und Rutsche sowie eine gro\u00dfe Spielwiese. Eindr\u00fccke bietet unser kurzes, sommerliches Video.<\/p>\n\n\n\n<div style=\"height:1px\" aria-hidden=\"true\" class=\"wp-block-spacer\"><\/div>\n\n\n\n<p><\/p>\n\n\n\n<figure class=\"wp-block-image size-large\"><img loading=\"lazy\" decoding=\"async\" width=\"720\" height=\"343\" src=\"http:\/\/kgv-erholung-leipzig.de\/wp-content\/uploads\/2021\/12\/Austellung_Teaserbild_720.jpg\" alt=\"\" class=\"wp-image-2663\" srcset=\"http:\/\/kgv-erholung-leipzig.de\/wp-content\/uploads\/2021\/12\/Austellung_Teaserbild_720.jpg 720w, http:\/\/kgv-erholung-leipzig.de\/wp-content\/uploads\/2021\/12\/Austellung_Teaserbild_720-300x143.jpg 300w\" sizes=\"auto, (max-width: 720px) 100vw, 720px\" \/><\/figure>\n\n\n\n<p>Im Jahr 2020 konnte der Verein auf sein 120-j\u00e4hriges Bestehen zur\u00fcckblicken. Unter anderem gab es <a href=\"http:\/\/kgv-erholung-leipzig.de\/?page_id=2219\">eine umfassende Ausstellung zur <strong>Vereinsgeschichte<\/strong><\/a>.<\/p>\n\n\n\n<div style=\"height:20px\" aria-hidden=\"true\" class=\"wp-block-spacer\"><\/div>\n\n\n\n<p><\/p>\n","protected":false},"excerpt":{"rendered":"<p>Im S\u00fcden Leipzigs g\u00e4rtnern die Mitglieder des KGV Erholung e.V. Unser Kleingartenverein wurde im Jahr 1900 gegr\u00fcndet und umfasst heute mehr als 260 Parzellen. Im Jahr 2019 zeichnete uns die Stadt Leipzig als Kleingartenanlage des Jahres aus. Ein Grund f\u00fcr<\/p>\n","protected":false},"author":1,"featured_media":0,"parent":0,"menu_order":0,"comment_status":"closed","ping_status":"closed","template":"","meta":{"ngg_post_thumbnail":0,"footnotes":""},"class_list":["post-1791","page","type-page","status-publish","hentry"],"_links":{"self":[{"href":"http:\/\/kgv-erholung-leipzig.de\/index.php?rest_route=\/wp\/v2\/pages\/1791","targetHints":{"allow":["GET"]}}],"collection":[{"href":"http:\/\/kgv-erholung-leipzig.de\/index.php?rest_route=\/wp\/v2\/pages"}],"about":[{"href":"http:\/\/kgv-erholung-leipzig.de\/index.php?rest_route=\/wp\/v2\/types\/page"}],"author":[{"embeddable":true,"href":"http:\/\/kgv-erholung-leipzig.de\/index.php?rest_route=\/wp\/v2\/users\/1"}],"replies":[{"embeddable":true,"href":"http:\/\/kgv-erholung-leipzig.de\/index.php?rest_route=%2Fwp%2Fv2%2Fcomments&post=1791"}],"version-history":[{"count":260,"href":"http:\/\/kgv-erholung-leipzig.de\/index.php?rest_route=\/wp\/v2\/pages\/1791\/revisions"}],"predecessor-version":[{"id":4038,"href":"http:\/\/kgv-erholung-leipzig.de\/index.php?rest_route=\/wp\/v2\/pages\/1791\/revisions\/4038"}],"wp:attachment":[{"href":"http:\/\/kgv-erholung-leipzig.de\/index.php?rest_route=%2Fwp%2Fv2%2Fmedia&parent=1791"}],"curies":[{"name":"wp","href":"https:\/\/api.w.org\/{rel}","templated":true}]}}